{"id":5283,"date":"2022-09-13T11:36:42","date_gmt":"2022-09-13T09:36:42","guid":{"rendered":"https:\/\/erlebnisland-mathematik.de\/?page_id=5283"},"modified":"2024-02-22T11:14:07","modified_gmt":"2024-02-22T10:14:07","slug":"volny-cas","status":"publish","type":"page","link":"https:\/\/erlebnisland-mathematik.de\/cs\/volny-cas\/","title":{"rendered":"Voln\u00fd \u010das"},"content":{"rendered":"<div class=\"wpb-content-wrapper\"><p>[vc_row drowwidth=&#8220;sidebar-biest-default sidebar-biest&#8220;][vc_column][vc_column_text]<\/p>\n<section class=\"page-heading\" role=\"heading\">\n<div class=\"container\">\n<div class=\"row\">\n<div class=\"page-heading__title-section page-heading--title-section section-title\">\n<h1>Voln\u00fd \u010das<\/h1>\n<p>Krom\u011b v\u00fdstav nab\u00edz\u00edme pestr\u00fd vzd\u011bl\u00e1vac\u00ed program pro v\u0161echny v\u011bkov\u00e9 skupiny, od p\u0159ed\u0161koln\u00edch d\u011bt\u00ed a\u017e po seniory. Obsah a metody vzd\u011bl\u00e1vac\u00edho programu jsou zam\u011b\u0159eny na jednotliv\u00e9 n\u00e1v\u0161t\u011bvn\u00edky a jsou p\u0159izp\u016fsobeny jejich individu\u00e1ln\u00edm p\u0159\u00e1n\u00edm. R\u00e1di sestav\u00edme speci\u00e1ln\u00ed program pro projektov\u00e9 dny. Pr\u00e1zdninov\u00e9 nab\u00eddky a rodinn\u00e9 ned\u011ble jsou zam\u011b\u0159eny na rodi\u010de a prarodi\u010de s d\u011btmi a vnou\u010daty a tak\u00e9 na skupiny, pro kter\u00e9 jsou p\u0159ipraveny hrav\u00e9 a z\u00e1bavn\u00e9 programy. D\u011btsk\u00e1 narozeninov\u00e1 oslava v muzeu bude nezapomenuteln\u00fdm z\u00e1\u017eitkem. Obra\u0165te se na n\u00e1s, r\u00e1di v\u00e1m porad\u00edme.[\/vc_column_text][\/vc_column][\/vc_row]<\/p>\n<\/div>\n<\/div>\n<\/div>\n<\/section>\n<\/div>","protected":false},"excerpt":{"rendered":"<p>[vc_row drowwidth=&#8220;sidebar-biest-default sidebar-biest&#8220;][vc_column][vc_column_text] Voln\u00fd \u010das Krom\u011b v\u00fdstav nab\u00edz\u00edme pestr\u00fd vzd\u011bl\u00e1vac\u00ed program pro v\u0161echny v\u011bkov\u00e9 skupiny, od p\u0159ed\u0161koln\u00edch d\u011bt\u00ed a\u017e po seniory. Obsah a metody vzd\u011bl\u00e1vac\u00edho programu jsou zam\u011b\u0159eny na jednotliv\u00e9 n\u00e1v\u0161t\u011bvn\u00edky a jsou p\u0159izp\u016fsobeny jejich individu\u00e1ln\u00edm p\u0159\u00e1n\u00edm. R\u00e1di sestav\u00edme speci\u00e1ln\u00ed program pro projektov\u00e9 dny. Pr\u00e1zdninov\u00e9 nab\u00eddky a rodinn\u00e9 ned\u011ble jsou zam\u011b\u0159eny na rodi\u010de a prarodi\u010de <a href=\"https:\/\/erlebnisland-mathematik.de\/cs\/volny-cas\/\" class=\"more-link\">&#8230;<span class=\"screen-reader-text\">  Voln\u00fd \u010das<\/span><\/a><\/p>\n","protected":false},"author":2,"featured_media":0,"parent":0,"menu_order":0,"comment_status":"closed","ping_status":"closed","template":"","meta":{"_acf_changed":false,"footnotes":""},"folder":[],"class_list":["post-5283","page","type-page","status-publish","hentry"],"acf":[],"_links":{"self":[{"href":"https:\/\/erlebnisland-mathematik.de\/cs\/wp-json\/wp\/v2\/pages\/5283","targetHints":{"allow":["GET"]}}],"collection":[{"href":"https:\/\/erlebnisland-mathematik.de\/cs\/wp-json\/wp\/v2\/pages"}],"about":[{"href":"https:\/\/erlebnisland-mathematik.de\/cs\/wp-json\/wp\/v2\/types\/page"}],"author":[{"embeddable":true,"href":"https:\/\/erlebnisland-mathematik.de\/cs\/wp-json\/wp\/v2\/users\/2"}],"replies":[{"embeddable":true,"href":"https:\/\/erlebnisland-mathematik.de\/cs\/wp-json\/wp\/v2\/comments?post=5283"}],"version-history":[{"count":10,"href":"https:\/\/erlebnisland-mathematik.de\/cs\/wp-json\/wp\/v2\/pages\/5283\/revisions"}],"predecessor-version":[{"id":5306,"href":"https:\/\/erlebnisland-mathematik.de\/cs\/wp-json\/wp\/v2\/pages\/5283\/revisions\/5306"}],"wp:attachment":[{"href":"https:\/\/erlebnisland-mathematik.de\/cs\/wp-json\/wp\/v2\/media?parent=5283"}],"wp:term":[{"taxonomy":"folder","embeddable":true,"href":"https:\/\/erlebnisland-mathematik.de\/cs\/wp-json\/wp\/v2\/folder?post=5283"}],"curies":[{"name":"wp","href":"https:\/\/api.w.org\/{rel}","templated":true}]}}

Volný čas

<div class="wpb-content-wrapper"><p>[vc_row drowwidth=&#8220;sidebar-biest-default sidebar-biest&#8220;][vc_column][vc_column_text]</p>
<section class="page-heading" role="heading">
<div class="container">
<div class="row">
<div class="page-heading__title-section page-heading--title-section section-title">
<h1>Volný čas</h1>
<p>Kromě výstav nabízíme pestrý vzdělávací program pro všechny věkové skupiny, od předškolních dětí až po seniory. Obsah a metody vzdělávacího programu jsou zaměřeny na jednotlivé návštěvníky a jsou přizpůsobeny jejich individuálním přáním. Rádi sestavíme speciální program pro projektové dny. Prázdninové nabídky a rodinné neděle jsou zaměřeny na rodiče a prarodiče s dětmi a vnoučaty a také na skupiny, pro které jsou připraveny hravé a zábavné programy. Dětská narozeninová oslava v muzeu bude nezapomenutelným zážitkem. Obraťte se na nás, rádi vám poradíme.[/vc_column_text][/vc_column][/vc_row]</p>
</div>
</div>
</div>
</section>
</div>

<p>[vc_row drowwidth=&#8220;sidebar-biest-default sidebar-biest&#8220;][vc_column][vc_column_text] Volný čas Kromě výstav nabízíme pestrý vzdělávací program pro všechny věkové skupiny, od předškolních dětí až po seniory. Obsah a metody vzdělávacího programu jsou zaměřeny na jednotlivé návštěvníky a jsou přizpůsobeny jejich individuálním přáním. Rádi sestavíme speciální program pro projektové dny. Prázdninové nabídky a rodinné neděle jsou zaměřeny na rodiče a prarodiče <a href="https://erlebnisland-mathematik.de/cs/volny-cas/" class="more-link">&#8230;<span class="screen-reader-text">  Volný čas</span></a></p>
